ppose 2*l - 7*l - 217 = -b, -3*b = -4*l - 167. List the prime factors of (4/(-6))/(l/10362).
157
List the prime factors of (184450/(-357))/(4/(-24)).
2, 5, 31
Let o(h) be the first derivative of -11 - 2/3*h**3 + 3/2*h**2 + 3/2*h**4 + 3*h. List the prime factors of o(3).
2, 3, 13
Suppose 215 + 40 = 3*m. Suppose -2*o = 3 - 9. Suppose o*g + 215 = -0*p + 2*p, -3*g + m = p. List the prime factors of p.
2, 5
Let d = -766 - -1325. Let a = 162 + d. What are the prime factors of a?
7, 103
Let f be ((-35)/(-14))/(((-3)/(-108))/(-1)). List the prime factors of (-3447)/(-5) - (-36)/f.
13, 53
Suppose 0 = -o - 4*o + 10. Suppose 3611*m = 3614*m - 726. Suppose 0*g + o*g - m = 0. List the prime factors of g.
11
Let a = 524 + -506. Suppose -a*v + 21*v = w - 862, -3*v - 3448 = -4*w. List the prime factors of w.
2, 431
What are the prime factors of 6/(((-45)/4344)/(-5))?
2, 181
Suppose 181*y - 120*y = 200141. What are the prime factors of y?
17, 193
Suppose 310 = -5*j - 2*s + s, 3*s = 2*j + 124. Let m = 80 - j. List the prime factors of m.
2, 71
Let m(y) = 170*y**2 + 57*y + 262. List the prime factors of m(-6).
2, 5, 151
Suppose -5*m = 3*t - 73, -2*t - m = -22 - 36. Let w = t + -1. List the prime factors of w.
2, 3, 5
Let a(z) be the first derivative of 2*z**3/3 + z**2 + 17. Let x be a(-3). What are the prime factors of ((x/10)/(-1))/(26/(-1885))?
3, 29
Let n be (1 + (-15)/10)*-2 + -614. Let u = n - -1115. What are the prime factors of u?
2, 251
Let f(t) = 103*t**3 + 68*t**2 - 384*t + 61. What are the prime factors of f(6)?
22453
Let u = 60828 + -22412. What are the prime factors of u?
2, 7
What are the prime factors of 2 + (-66)/42 - (-103455)/77?
2, 3, 7
Suppose 0 = -6*b + 3*b + 4*r + 8998, -2*b - 2*r = -6022. Suppose -10*m - b = -16*m. List the prime factors of m.
3, 167
Suppose -5*z = 4*h - 11581 - 24853, 18220 = 2*h + z. What are the prime factors of h?
3, 3037
Suppose 10*l - 2188 - 60642 = 0. List the prime factors of l.
61, 103
Suppose 7*a - 24*a = 85. What are the prime factors of 6*3 + (-10)/a?
2, 5
Let j(c) = -1 + 6*c**3 + c**2 - 2*c + 4*c**2 - 3*c**3 - 2*c**3. Suppose -3*w - 3*l = 2*w - 35, 0 = -3*w - l + 17. List the prime factors of j(w).
3, 5
Suppose -5*p = -5*a - 2622 - 1798, a = -2*p + 1762. Suppose m + 3*i = p, 888 = m + 4*i - 3*i. What are the prime factors of m?
3, 11
Let z(t) = 29019*t**2 - 91*t + 93. List the prime factors of z(1).
29021
What are the prime factors of (-3 + 8/4)*(40 + -13097)?
11, 1187
Let l be (-10)/2*(504/(-10))/(-3). Let w = l + 153. List the prime factors of w.
3, 23
Suppose 0 = 3*w + 4*d - 3194 - 5719, 4*d + 11884 = 4*w. What are the prime factors of w?
2971
Let b(f) = -2*f**3 + 9*f**2 - f - 2. Suppose 3*w - 6 - 12 = 0. Let h be b(w). List the prime factors of h/(-6) - ((-20)/12 + 1).
2, 5
Suppose 1085*x - 25 = 1080*x, 6*b = -5*x + 1519. List the prime factors of b.
3, 83
Let f = 13491 - -1623. List the prime factors of f.
2, 3, 11, 229
Let y be -3 + 6 + -2 + -4. Let w be y + 101 + 8/(-2 + 6). Suppose 56*p = 61*p - w. What are the prime factors of p?
2, 5
Let l be 71718/27 + (-30)/135. Let t = l + -1256. What are the prime factors of t?
2, 5, 7
Let b = -2620 + 9125. What are the prime factors of b?
5, 1301
Suppose -8895477 = -625*u + 41*u - 3115045. List the prime factors of u.
2, 7, 101
Let a be (2/(-5))/(13/(-585)). Suppose 0*y + a = -2*y. Let l(t) = t**3 + 10*t**2 + 4*t + 16. What are the prime factors of l(y)?
61
Let p = 184 + -166. What are the prime factors of 3/p*-177*-22?
11, 59
Let z(u) = 81*u**2 + 17*u - 17. Let v be z(-8). Suppose -3*g - 1049 = -4*f - v, -5 = -f. List the prime factors of g.
2, 23, 29
Let q(y) = -y**3 + 6*y**2 + 9*y - 9. Let z be q(7). Suppose -z*a = 1576 - 621. Let x = 348 + a. What are the prime factors of x?
157
Let f(v) = 15*v + 42. Let s be f(-9). Let a = s + 298. What are the prime factors of a?
5, 41
Suppose 12 = 4*c - j, 0*c + 4*j - 32 = -4*c. Let y be (c - 6)/((-3)/318). Suppose -y = -d - 81. List the prime factors of d.
131
Let v be (-13)/((-52)/16) - 39. List the prime factors of 22*16 + v + 36.
353
Suppose 0 = c + c - 5*o - 8, -o + 20 = 5*c. Suppose 1871 = q - 128*n + 124*n, 7484 = c*q + n. List the prime factors of q.
1871
Let u(i) = i**2 - 635*i + 66246. List the prime factors of u(0).
2, 3, 61, 181
Let n(t) = t + 20. Let g(k) = k**3 - 16*k**2 + k - 10. Let j be g(16). Suppose -14 - 46 = -j*m. List the prime factors of n(m).
2, 3, 5
Let v(c) = 1949*c**2 - 212*c - 649. List the prime factors of v(-3).
2, 7, 313
Suppose -1980744 + 626316 - 3370887 = -245*t. What are the prime factors of t?
3, 2143
Let w(b) = -b**3 + 18*b**2 - 27*b - 15. Suppose -3*q + 107 - 65 = 0. What are the prime factors of w(q)?
17, 23
Suppose 5*u + 3*f - 5*f - 215 = 0, f - 230 = -5*u. Let k = 51 - u. What are the prime factors of k?
2, 3
Let g(c) = 134*c + 960. Let b be g(-8). Suppose -6*x + 4*x = 164. What are the prime factors of (-48)/b - (-24)/(-14)*x?
3, 47
Let j(c) = -3*c**3 - 55*c**2 - 12*c - 51. Let p(x) = x**3 + 18*x**2 + 4*x + 17. Let w(u) = 4*j(u) + 11*p(u). List the prime factors of w(-22).
71
Let x(c) = 2*c**3 - 20*c**2 - 56*c - 45. List the prime factors of x(16).
2131
Suppose 6 = m - 0*m. Let z be (87/m)/(3/(-6)). Let g = 66 + z. List the prime factors of g.
37
Let z be 148/18 + 10/(-45). Let a be 20/z - (-3)/(-6). Suppose x - 75 = m, -4*x + 464 = a*m + 182. What are the prime factors of x?
2, 3
Suppose -45*h + 138513 + 67275 = 21468. What are the prime factors of h?
2
Let h = -14 + 14. Suppose -6*d + 306 + 192 = h. List the prime factors of d.
83
Let w(o) = -4*o**3 - o**2 - o + 1. Suppose 2*a - 2*l = -18, -3*l = a - 2*l - 1. List the prime factors of w(a).
5, 7
Let i(t) = -1355*t + 6635. List the prime factors of i(-19).
2, 5, 1619
Let j be (-5 - 0/(-4))/(-1). Suppose -j*t - 204 + 1014 = 0. Suppose m - 60 = n, -5*m + t + 108 = 5*n. What are the prime factors of m?
3, 19
Suppose -5*x + 31163 = 3*s - 25055, -2*s + 3*x = -37466. List the prime factors of s.
2, 1171
Let p = 58 + -55. Let s be p/(-9) - (33/9 + 0). List the prime factors of 81*(3 - (-8)/s).
3
Suppose 9 = 2*f - 0*c - c, f - 2*c = 0. Let s(b) be the first derivative of 5*b**3/3 - 3*b**2 - 89. What are the prime factors of s(f)?
2, 3
Let j = -796 + 5334. List the prime factors of j.
2, 2269
Let o = 10413 - 4450. What are the prime factors of o?
67, 89
Let t be 4/(((-226)/(-116) - 2)/(-6)). Suppose y + 3*y - t = 0. Suppose -61 - y = -3*c. List the prime factors of c.
59
Let n(r) = 297*r**3 - 4*r**2 - 12*r + 29. What are the prime factors of n(3)?
2, 997
Let s be 2944/6 - (-6)/(-54)*-3. Let t = -253 + s. What are the prime factors of t?
2, 7, 17
Let x(d) = 27*d**3 + 5*d**2 + 3*d - 60. List the prime factors of x(5).
5, 691
Let t = 82 - 92. Let s = 14 + t. What are the prime factors of ((-1184)/64)/(0 - 2/s)?
37
Let x(p) = -p**3 + 24*p**2 - 14*p - 8. Let q(j) = -5*j + 63. Let m be q(9). List the prime factors of x(m).
2, 421
Let u = 448 + -448. Suppose -20*q - 20*q + 1680 = u. List the prime factors of q.
2, 3, 7
Let o(r) be the third derivative of 19*r**5/30 + r**4/12 - 7*r**3/2 - 13*r**2. Let d(j) be the first derivative of o(j). List the prime factors of d(2).
2, 7, 11
Suppose -215 = -5*b + 90. Let y = 154 - b. What are the prime factors of y?
3, 31
List the prime factors of 52/247 - 7685832/(-228).
2, 5, 3371
Let f(i) = 2*i**2 - 34*i + 21. Let n be f(21). Let q = n - -734. What are the prime factors of q?
13, 71
Let b(c) be the third derivative of c**6/120 - 7*c**5/60 + 9*c**4/8 + 5*c**3/2 - 24*c**2. List the prime factors of b(12).
3, 353
List the prime factors of 134/(-3)*(-29 + 23) + 5.
3, 7, 13
Suppose -10 = -2*o, m + 11 - 30 = -3*o. Suppose 0 = -5*z - 10, -52 = -m*a + z - 3*z. Suppose 12*l + 336 = a*l. What are the prime factors of l?
2, 3, 7
Let v(u) = -2*u**2 + 20*u + 79. Let l(n) = 4*n**2 - 41*n - 158. Let m(f) = -6*l(f) - 13*v(f). What are the prime factors of m(-7)?
3, 13
Suppose -7*j - 5 = -8*j, 3*z - 5*j - 5420 = 0. Suppose -m = 5, z = t + 4*t - m. List the prime factors of t.
2, 181
Let d = 7251 - 1033. List the prime factors of d.
2, 3109
Suppose 7*q - u = 182822, -249*q + 246*q = -3*u - 78342. What are the prime factors of q?
2, 3, 1451
Let j(a) = 2790*a - 11734. What are the prime factors of j(34)?
2, 89, 467
Suppo